
Does 37 divide 43882?
True
Does 385 divide 754600?
True
Does 76 divide 1242752?
True
Does 1137 divide 1472415?
True
Does 63 divide 63693?
True
Is 71 a factor of 205870?
False
Is 3 a factor of 362662?
False
Is 7916595 a multiple of 9?
False
Is 559438 a multiple of 118?
True
Does 15 divide 642068?
False
Is 16 a factor of 153706?
False
Is 33 a factor of 309507?
True
Does 26 divide 300240?
False
Is 64 a factor of 733806?
False
Does 5 divide 2514261?
False
Is 7 a factor of 464947?
True
Is 6 a factor of 44699?
False
Is 76 a factor of 569991?
False
Is 138006 a multiple of 33?
True
Does 73 divide 775823?
False
Does 3 divide 190977?
True
Is 233 a factor of 100872?
False
Is 133 a factor of 2010897?
False
Is 267 a factor of 27256?
False
Is 9 a factor of 127512?
True
Is 7 a factor of 2997330?
True
Is 196721 a multiple of 30?
False
Is 1893408 a multiple of 163?
True
Is 183092 a multiple of 39?
False
Is 44579 a multiple of 2?
False
Is 1265419 a multiple of 10?
False
Is 961175 a multiple of 26?
False
Does 21 divide 2577036?
True
Does 5 divide 65320?
True
Does 9 divide 1059102?
True
Is 2523196 a multiple of 429?
False
Does 80 divide 80703?
False
Is 85050 a multiple of 135?
True
Is 285 a factor of 4541622?
False
Does 357 divide 90321?
True
Is 3025260 a multiple of 49?
True
Is 575390 a multiple of 353?
True
Does 11 divide 143781?
True
Is 254467 a multiple of 14?
False
Does 92 divide 740721?
False
Does 453 divide 4166241?
True
Is 74 a factor of 282088?
True
Does 9 divide 3552867?
True
Is 48 a factor of 1045728?
True
Is 130921 a multiple of 317?
True
Does 69 divide 5040512?
False
Is 487 a factor of 32718?
False
Is 118008 a multiple of 12?
True
Is 51 a factor of 5488518?
True
Is 8 a factor of 894568?
True
Does 14 divide 206873?
False
Does 399 divide 2600845?
False
Is 105 a factor of 1433853?
False
Is 15632265 a multiple of 49?
False
Does 379 divide 1077876?
True
Does 171 divide 361323?
True
Is 4759187 a multiple of 193?
True
Is 1047 a multiple of 2?
False
Is 929480 a multiple of 380?
True
Is 95 a factor of 6915050?
True
Does 31 divide 248563?
False
Is 147 a factor of 190071?
True
Is 3 a factor of 399776?
False
Is 27 a factor of 1560595?
False
Is 554317 a multiple of 3?
False
Is 355 a factor of 187795?
True
Is 64 a factor of 2112242?
False
Is 4131840 a multiple of 8?
True
Does 392 divide 1706814?
False
Is 19 a factor of 530822?
True
Does 712 divide 26434424?
True
Is 4 a factor of 408229?
False
Is 43 a factor of 69961?
True
Does 40 divide 1158511?
False
Is 346 a factor of 13060808?
True
Does 170 divide 436900?
True
Does 7 divide 7056105?
True
Does 375 divide 265875?
True
Does 201 divide 873387?
False
Does 76 divide 5539863?
False
Does 26 divide 70200?
True
Is 1815055 a multiple of 55?
True
Is 422 a factor of 460824?
True
Does 20 divide 538291?
False
Does 452 divide 908972?
True
Does 67 divide 2082527?
False
Is 12 a factor of 263784?
True
Is 1782989 a multiple of 475?
False
Is 7590571 a multiple of 1376?
False
Does 23 divide 8361840?
False
Is 5362 a multiple of 5?
False
Is 1866082 a multiple of 15?
False
Is 391576 a multiple of 72?
False
Is 269136 a multiple of 189?
True
Is 6137164 a multiple of 16?
False
Is 532161 a multiple of 7?
True
Does 4 divide 92269?
False
Is 18753280 a multiple of 98?
True
Is 18954 a multiple of 81?
True
Is 23 a factor of 149063?
True
Is 603648 a multiple of 131?
True
Is 517 a factor of 496237?
False
Is 1269048 a multiple of 88?
True
Is 127512 a multiple of 198?
True
Is 2835593 a multiple of 42?
False
Is 130 a factor of 1557059?
False
Does 12 divide 6724116?
True
Does 18 divide 139666?
False
Does 25 divide 15918325?
True
Is 3267816 a multiple of 376?
True
Is 6620983 a multiple of 929?
True
Is 1391700 a multiple of 15?
True
Does 14 divide 46970?
True
Is 609632 a multiple of 8?
True
Is 4 a factor of 49330?
False
Is 40 a factor of 342393?
False
Does 539 divide 637837?
False
Does 120 divide 110984?
False
Does 22 divide 20270470?
True
Does 15 divide 17525342?
False
Is 1780061 a multiple of 603?
False
Does 406 divide 4450293?
False
Does 369 divide 780066?
True
Is 1490080 a multiple of 16?
True
Does 257 divide 2602620?
False
Does 146 divide 557557?
False
Does 12 divide 25225?
False
Does 90 divide 55017?
False
Is 122 a factor of 611985?
False
Does 6 divide 209412?
True
Does 10 divide 18235?
False
Does 120 divide 1158480?
True
Does 278 divide 700176?
False
Is 189 a factor of 2478523?
False
Is 20211321 a multiple of 21?
False
Is 9473247 a multiple of 762?
False
Is 53 a factor of 153117?
True
Does 10 divide 2622990?
True
Does 106 divide 179436?
False
Is 245736 a multiple of 354?
False
Does 150 divide 4191843?
False
Does 7 divide 553557?
False
Does 376 divide 1685409?
False
Is 44 a factor of 969472?
False
Is 41 a factor of 530529?
False
Is 5 a factor of 418262?
False
Is 212552 a multiple of 245?
False
Does 125 divide 880375?
True
Does 9 divide 983844?
True
Does 589 divide 286843?
True
Does 3 divide 524844?
True
Is 25 a factor of 295750?
True
Does 206 divide 684367?
False
Is 212828 a multiple of 154?
True
Is 777 a factor of 580419?
True
Is 265041 a multiple of 26?
False
Is 202794 a multiple of 219?
True
Does 15 divide 229308?
False
Does 15 divide 990028?
False
Is 138460 a multiple of 230?
True
Does 30 divide 578130?
True
Is 1891784 a multiple of 240?
False
Is 2547020 a multiple of 43?
False
Does 18 divide 3375380?
False
Is 13335 a multiple of 5?
True
Is 618792 a multiple of 4?
True
Does 224 divide 3031616?
True
Does 76 divide 99788?
True
Is 20017688 a multiple of 187?
False
Does 70 divide 669060?
True
Is 2669199 a multiple of 888?
False
Does 14 divide 552089?
False
Does 12 divide 6575693?
False
Is 466202 a multiple of 22?
True
Is 762435 a multiple of 275?
False
Does 856 divide 685656?
True
Is 5285627 a multiple of 1287?
False
Is 34 a factor of 3134347?
False
Does 9 divide 947322?
True
Is 704 a factor of 2043122?
False
Does 9 divide 15426?
True
Is 5039180 a multiple of 8?
False
Does 4 divide 5128?
True
Does 6 divide 44328?
True
Is 408118 a multiple of 85?
False
Is 276 a factor of 193792?
False
Is 87302 a multiple of 99?
False
Is 565 a factor of 9106881?
False
Does 193 divide 447677?
False
Is 92145 a multiple of 344?
False
Is 8 a factor of 1169694?
False
Is 6 a factor of 1610932?
False
Is 66 a factor of 1832716?
False
Is 283091 a multiple of 7?
False
Is 2179 a factor of 18916344?
False
Does 191 divide 9220032?
False
Is 95745 a multiple of 15?
True
Is 654701 a multiple of 8?
False
Does 6 divide 51682?
False
Is 7477957 a multiple of 33?
False
Is 3059256 a multiple of 8?
True
Is 35 a factor of 34585?
False
Does 1216 divide 7964800?
True
Is 424562 a multiple of 4?
False
Is 24078 a multiple of 161?
False
Is 62 a factor of 6339376?
True
Does 2 divide 955471?
False
Is 220 a factor of 147840?
True
Is 687444 a multiple of 21?
False
Is 6714817 a multiple of 344?
False
Is 254912 a multiple of 16?
True
Is 46 a factor of 162840?
True
Is 253730 a multiple of 128?
False
Is 706600 a multiple of 106?
False
Is 1509794 a multiple of 13?
True
Is 529124 a multiple of 69?
False
Does 263 divide 284040?
True
Is 490747 a multiple of 46?
False
Is 37701 a multiple of 58?
False
Is 268 a factor of 2988736?
True
Is 45 a factor of 196470?
True
Is 97669 a multiple of 22?
False
Is 9 a factor of 201367?
False
Is 120303 a multiple of 354?
False
Is 42 a factor of 2349104?
False
Is 112 a factor of 3162061?
False
Is 357856 a multiple of 8?
True
Does 1758 divide 15779231?
False
Is 678 a factor of 171243?
False
Does 2 divide 8555?
False
Is 1484532 a multiple of 9?
True
Is 590952 a multiple of 24?
True
Does 65 divide 76505?
True
Is 435135 a multiple of 5?
True
Does 15 divide 830790?
True
Does 8 divide 89379?
False
Is 3672999 a multiple of 149?
True
Does 83 divide 244103?
True
Is 261277 a multiple of 7?
False
Does 275 divide 920150?
True
Is 76 a factor of 12084?
True
Is 2069912 a multiple of 52?
True
Does 162 divide 308917?
False
Does 12 divide 32266?
False
Does 14 divide 4212180?
True
Is 5 a factor of 432440?
True
Does 2937 divide 25200805?
False
Does 74 divide 8821984?
True
Does 129 divide 123582?
True
Is 216 a factor of 15768?
True
Is 6991281 a multiple of 11?
True
Does 4 divide 24549?
False
Is 172 a factor of 14830?
False
Is 193422 a multiple of 23?
False
Is 873 a factor of 7061697?
True
